+ 4*m - 3738 = 0, -3*y + n*m + 2228 = 0. Suppose -y + 6610 = 8*z. Is z a composite number?
False
Suppose 2*m - 31261 = -w, -31240 = -84*m + 82*m + 2*w. Is m a prime number?
False
Let p = -20 - -42. Let n = p + -23. Let z(y) = -1761*y**3 - y - 1. Is z(n) a prime number?
False
Let o = 1067355 - 361834. Is o a composite number?
False
Is 2/(-8) - 1281077/(-292) prime?
False
Let h be (1 - (-3 + 2)) + 11*3. Suppose -38*b + h*b = -12381. Is b composite?
False
Let n(k) = k**3 - 6*k**2 - 3*k. Let v be n(7). Suppose -4*x = 10*x - v. Is (3 + x)*1*1388/4 a composite number?
True
Suppose 5*n = -3*h + 10, -h - 23 = -5*n + 7. Suppose 36011 - 5530 = 4*k - 3*q, 0 = -n*k - 2*q + 38107. Is k composite?
False
Let o be 36/(((-36)/8)/3). Let g be (-6)/(-4)*o/(-9). Suppose -t - 759 = -g*j + 2*j, 1498 = 4*j + 2*t. Is j composite?
True
Let k be 2/(-4)*(-1)/((-4)/856). Let z = 112 + k. Suppose 0*r - 4*s = z*r - 14643, -4*s = r - 2935. Is r a composite number?
False
Let n = -125753 - -229524. Is n composite?
True
Let b(d) = 2456*d**2 - 3*d - 1. Let p be b(-4). Suppose 2*x + 5*m + 39289 = -2*x, -m = -4*x - p. Let s = x + 13769. Is s composite?
False
Suppose -3*s = 2*b - 8807, -152*b + 149*b = -12. Is s prime?
False
Let i = 4145972 - 2450211. Is i prime?
True
Let o be 2/7 - (-25710)/(-21). Let f = o - -650. Let s = f - -1293. Is s a composite number?
False
Suppose 0 = -16*t + 107706 + 21446. Suppose -15*p - t = -23*p. Is p a composite number?
False
Let c(g) = 726*g**2 - 5*g - 8. Let v be c(-5). Suppose -42*r - v = -43*r. Is r composite?
True
Suppose 0 = u + 4, 4*d + 19*u - 18*u - 57048 = 0. Is d a prime number?
False
Suppose 0 = -w - 5, -9*w = 8*b - 10*w - 179453. Is b a composite number?
True
Suppose -4*p - 4*o - 4 = 0, 4*p + 13*o - 15*o = 14. Is 21108/24*(p - 0) a composite number?
False
Let q = -214 - -214. Suppose q = a + 2*o - 216, 3*o = -5*a - 176 + 1249. Is a a prime number?
False
Let s be (19/3 - 3)/(12/(-450)). Let j be (-1)/(35/s) + 8/(-14). Suppose -j*l + 703 = 5*u, u - 4*l - 81 = 78. Is u prime?
False
Let j be 646 - ((-8)/(-12) - (-2)/(-3)). Let o = j + -5. Is o a prime number?
True
Is 1*-318*4/((-96)/212) prime?
False
Let q(j) be the first derivative of -25*j**2/2 + 42*j - 24. Let b be q(-19). Let l = b - 104. Is l composite?
True
Let z = 20 - 5. Suppose 0 = -a - 4*u - z, -4*a + 2*u = -0*u - 30. Suppose 3*s - 2*n = 4977, -6713 = -3*s + a*n - 1727. Is s a composite number?
False
Suppose -5*j + 1483 = g - 23563, -4*j - 12 = 0. Is g a prime number?
False
Let q be (-8)/(-10) + 8/(-10). Suppose -12*f + 18*f - 3246 = q. Is f prime?
True
Let w = 121 - 57. Is w/(-96) + (-12658)/(-6) + 2 prime?
True
Let t(s) = -s**3 - 7*s**2 - 8*s - 24. Let p be t(-7). Suppose -12089 + 3609 = -p*i. Is i composite?
True
Suppose -34431 = -3*o + 1998. Is o composite?
False
Suppose 0 = 28*w + 16*w + 18*w - 32419118. Is w a composite number?
True
Suppose 0 = q - 9, -126*q = -4*m - 127*q + 214333. Is m composite?
True
Let r be (((-66384)/45)/8)/(6/15). Let s = r + 543. Is s a prime number?
False
Is (664/(-498))/(4/(-558006)) a prime number?
False
Let z(k) = 46*k + 150. Let f be z(-7). Let c = f + 4079. Is c a composite number?
False
Let s(p) = 8*p + 49. Let l be s(-5). Suppose l = q + 5. Suppose -108 = -c - 5*i, 3*i + 100 = q*c - 355. Is c a composite number?
False
Suppose -17*g = -16*g - 18*g. Suppose -5917 = -r - 2*t, 5*t + 0*t + 15 = g. Is r a prime number?
True
Suppose 419083 = 2*z + d, -3*d = -3*z + 177409 + 451229. Is z prime?
True
Let l(q) = 1 + 11*q**3 + 1 - 8*q**2 - 7*q - 12*q**3. Let h be l(-7). Is h/(-4)*(-3 + -287) a prime number?
False
Suppose 4*k - 112 = -3*k. Suppose 0*h - 4 = h - x, 4*x - k = -2*h. Suppose h*i = -6*i + 132. Is i prime?
False
Suppose -178645 = -2164*t + 2163*t. Is t composite?
True
Is ((-76)/95 - 18386808/40)*(-2)/2 a composite number?
False
Is 303171/4 + 97/388 a prime number?
True
Suppose r - 19 = -4*h, 2*h - r + 2*r = 9. Suppose -5*w = -c + 37, -2*w + 161 = h*c - 3*w. Is 31320/c + 2/8 a composite number?
True
Is 4784364/21 - (-26 - 181/(-7)) composite?
False
Let s be ((-123)/(-4) + 0)/((-58)/(-5568)). Suppose -2*z + 564 = 3*o - 907, 4*z - s = -4*o. Is z composite?
False
Suppose 0 = 2*i + v - 41846 - 42577, -42184 = -i + 5*v. Is i a prime number?
True
Let l be 20/45 - 4390/(-45). Suppose -8998 = 96*c - l*c. Is c a composite number?
True
Suppose -3*w - 41 = -5*n, -3*w - 48 + 17 = 5*n. Is ((-770)/w - 24/36)*2 a prime number?
True
Let a be 31979/6 - 2/(-12). Suppose a = 5*d - 49005. Suppose -b - 13598 = -5*r, 4*r + 9*b = 6*b + d. Is r a composite number?
False
Let a = 120 + -116. Is ((-16)/a + 5)*469 composite?
True
Suppose 2*m + 12 = 5*m. Suppose -i + 15 = -3*u, -m*i + 6 = -3*u - 6*i. Is (-5)/(-20) + -3 + (-9991)/u a prime number?
False
Let i = 33684 - -97085. Is i a composite number?
False
Suppose 14077 = -3*y + 7*y - q, 2*y - 7021 = -3*q. Suppose -r = -3*n - 862, -4*r + 0*n = 2*n - y. Is r prime?
True
Is 4/(-3)*(-6)/(-2) + (-120063)/(-1) a composite number?
True
Let o be (-181167)/(-7)*(-4)/(-3). Suppose -7127 = 3*i - o. Is i a prime number?
True
Let y(f) = 5*f - 24. Let j be y(7). Suppose -17*w = -j*w - 24. Is 4*(-2)/w + 21 a composite number?
False
Let b(c) = -2*c**3 + 65*c**2 - 39*c + 17. Is b(28) a prime number?
True
Let x(a) = a**3 - 12*a**2 + 20*a - 32. Suppose -2*k = -2*q - 28, 0 = -k + 6*k - 2*q - 55. Let y be 8 + k - 1*4. Is x(y) prime?
True
Is 4/10 + (-506)/(-110) + 957330 composite?
True
Let z(t) = -21880*t - 2223. Is z(-7) a composite number?
True
Let g(k) = k**3 - 7*k**2 - 9*k + 19. Suppose 40 = 5*c - c. Let m = 6 + c. Is g(m) a prime number?
True
Let f(p) = -41*p**2 - 7*p + 338005. Is f(0) composite?
True
Let k be -2 + 6 + 1 + -5. Suppose -3*i = -k*v + v - 1943, -2*v - i = -3896. Is v a composite number?
False
Suppose 477 = x - 689. Let k = x - 639. Is k composite?
True
Let b be 0 + 6 + -3 + 1 + -1. Suppose -71 = -4*j + 153. Suppose 4*l + b*n - 48 = 0, -4*l + 0*n = n - j. Is l a composite number?
True
Suppose 2*o + 2*o - 20 = 0. Suppose -14 = -o*f - 3*m - 65, -3*m - 3 = f. Let d(a) = -124*a + 23. Is d(f) a prime number?
True
Suppose -18*p - 6137675 = -24*p - 19*p. Is p a composite number?
True
Let y be 2/(-7) + ((-92)/(-28) - 3). Suppose -14*m = -y*m - 10906. Is m composite?
True
Let m = -76994 + 157933. Is m a composite number?
True
Let v = -904 - -921. Is 51/v - (0 - 817*4) prime?
True
Suppose -37*n = -35*n. Suppose n = 19*f - 25*f + 34674. Is f composite?
False
Let h(d) = 7258*d**2 + 49*d + 199. Is h(-4) a composite number?
False
Let t = 1275163 - 529692. Is t prime?
True
Let z = 245575 + -111146. Is z a prime number?
False
Let d(r) = 582*r**2 - 12*r - 59. Let b be d(-5). Suppose -3*h - b = -8*h + u, -h + u = -2907. Is h a composite number?
True
Let v = -6688 + 13763. Suppose -21*r - 1048 + v = 0. Is r prime?
False
Let m(d) = 1483*d + 17. Let r be m(6). Let y be ((-2)/(-2))/(5/r). Suppose -y = 5*h - 8588. Is h a prime number?
True
Let o = 568 + -571. Let r(a) = 1154*a**2 + 22*a + 73. Is r(o) prime?
False
Suppose 5*x = -t + 24, 0 = -4*t + 3*t - 3*x + 16. Suppose 11 + t = -3*r. Is r - (3 - (-1816)/(-4)) composite?
True
Let i = 96 + -93. Is (i + 0)*(0 - (-19004)/12) prime?
True
Let v(t) = -2*t**2 - 15*t + 26. Let q be v(5). Is (62642/36 - 44/q)*2 composite?
True
Let r(x) = 37955*x**3 + 3*x**2 + 16*x - 43. Is r(2) prime?
False
Let y = -11 - -2. Let o be 3/(-4)*(y + 5). Is (-2 + o)/1*(-449)/(-1) composite?
False
Let b(v) = -v + 37. Let p be b(35). Suppose -2*x - 2*s = -4*x + 3844, 2*s - 3864 = -p*x. Is x a composite number?
True
Is 29 - 3948/140 - (-1541372)/10 a prime number?
False
Suppose 0 = -41*j + 36*j, -j = -2*a + 736144 + 1204698. Is a a prime number?
True
Suppose -4*u + 20051 = 3*c - 19233, -5*u - 65415 = -5*c. Let a = c - 6055. Suppose a = 6*b + 7*b. Is b a composite number?
False
Suppose -21*f + 533977 = 8*f. Is f prime?
True
Suppose 2475 = -12*x + 9*x. Let s = -268 - x. Is s prime?
True
Let c be (432/30)/6 - (-4)/(-10). Suppose -c*o + 4*i = -1130 - 4104, -7839 = -3*o + 3*i. Is o composite?
False
Suppose -8*u + 4*r = -309520, 58389 = 3*u + 3*r - 57708. Is u a composite number?
False
Let z = 56 + -51. Let w be 4/12 - z/(-3). Suppose 5*y = -l - w, -4*l + 21 + 86 = -3*y. Is l a composite number?
False
Suppose -5*h + 738 + 497 = 0. Su